e?
False
Let s = 3107 + 3626. Is s composite?
False
Let l(i) = 437*i**2 - 55*i - 723. Is l(-26) a prime number?
False
Suppose -1943017 = -4*a + 3*g, -35*g = 3*a - 36*g - 1457264. Is a prime?
False
Suppose 3*w + 31689 = 3*a, -255*w = -2*a - 257*w + 21110. Is a a composite number?
False
Let k(j) = 219*j**2 + 36*j - 658. Is k(33) a prime number?
False
Let j = -399 + 387. Is (-27915)/(-10)*((-68)/j + -1) prime?
False
Let p(s) = -s**2 - 3*s - 12. Let f(u) = u**2 + 3*u + 13. Let h(w) = 2*f(w) + 3*p(w). Let j be h(-4). Let x = j + 51. Is x prime?
True
Suppose -4*a - 10782 = -5*b, 2*b + 2*a + 629 = 4949. Suppose b = 4*i - 6*i. Let p = 464 - i. Is p composite?
False
Let m(l) = -1. Let j(k) = 3193*k + 36. Let x(p) = -j(p) - 3*m(p). Is x(-2) composite?
False
Let c(i) = 319*i - 51. Let y be c(16). Suppose 5*m - y = -2*t, 0 = -3*t - 5*m + 2576 + 5016. Is t composite?
False
Suppose 5 = o + 8. Let h be o + ((-94)/(-18) - (-10)/(-45)). Suppose 5*w - h*g - 2449 = 0, -3*w - g - 3*g + 1459 = 0. Is w composite?
True
Let n(x) = -87*x + 101999. Is n(0) a prime number?
True
Let y = -27137 - -44702. Suppose 0 = m + 5*s - 3521, -6*s + s = 5*m - y. Is m prime?
True
Suppose -100*u - 872151 = -2951051. Is u prime?
True
Let w(j) = -44*j + 2. Suppose 13 = -3*d - 2*r - 2, 0 = 2*d - 5*r + 29. Let m be 1 - (-7)/(d/4). Is w(m) prime?
False
Suppose k = 4, -k + 2 = p - 2*p. Let w be 935 + p*((-2)/4 - -1). Let a = w - 554. Is a prime?
False
Let k = 517062 + -316395. Is k prime?
False
Let v(l) = -70*l**3 + 6*l**2 + 3*l - 10. Let p be v(-7). Suppose -5*m = h - p, m + 3299 - 8162 = 4*h. Is m a prime number?
False
Suppose -121*a + 92*a = -67842426. Is a/152*8/6 a composite number?
False
Suppose -o - 4*o = 2*o - 2290631. Is o prime?
False
Is 112/448*(118002 - 0 - -2) prime?
True
Let p(w) = 44*w - 17. Let g(r) = r**3 - 22*r**2 - 22*r + 14. Let n be g(23). Suppose -3*b = 5*c - n, 2*b - 22 = -3*c - 0*b. Is p(c) prime?
False
Is (-126264)/6*6/(-8) prime?
False
Let u = 80 - 77. Suppose -u*d = -0*d - 12. Is (d/4)/(3/5946) prime?
False
Suppose 0 = 15*h - 14*h - 2. Let a(t) = 875*t - 15. Is a(h) composite?
True
Let q = 53 - 65. Let j be (-1)/3 - 4/q. Suppose j = -8*i - 0*i + 6376. Is i a prime number?
True
Let v = -149158 + 448913. Is v prime?
False
Is (-20)/(-15) - (-29236446)/54 prime?
True
Let l = -304 - -193. Let k = l + 168. Suppose -55*v + k*v = 2914. Is v prime?
False
Suppose 0 = 5*q + 2*k - 17, -2*q = -6*q + 3*k + 32. Suppose 45 = q*i - 5*m, -4*i + 41 = -9*m + 4*m. Suppose -5*d = -5, 4*y - 376 - 8 = i*d. Is y composite?
False
Let d be 0 + (-20 - -18 - (-54)/2). Suppose 256125 - 31600 = d*l. Is l a composite number?
True
Suppose -18*o + 19*o = 370. Is o/20*(-114)/(-3) composite?
True
Suppose 28*f + 198 = 10*f. Let y be f/2*(2519 - -1)/(-3). Let p = y + -2927. Is p prime?
True
Let g = 22 + -63. Let w = g + 45. Suppose -4*h + 5*u + 2568 = 0, -w*h + 453 = -3*u - 2123. Is h prime?
True
Let x be 676/78*9/2. Suppose 0 = 5*u + 8*u - x. Suppose -3*v + u*s = -1239, 5*v - 265 - 1784 = s. Is v a prime number?
True
Suppose 3*c = -b - 2*b + 215511, 3*b = -2*c + 215511. Is b prime?
True
Let m(c) = 2*c - 5. Suppose 17*r - 19*r + 10 = 0. Let s be m(r). Suppose 2*w - 3*w = -s, -5*w - 411 = -4*u. Is u a composite number?
False
Suppose 8 = -6*z + 8*z. Suppose 0 = -z*p - 309 + 4673. Let g = -444 + p. Is g composite?
False
Let c(u) = u**3 + 3*u**2 - 8*u - 6. Let k be c(-3). Suppose k*a - 10*a - 32 = 0. Is (a/(-12))/(1/3) - -448 a prime number?
False
Let i = -5059 + 21068. Is i a prime number?
False
Let g be ((-8)/(-28))/(17/(-476)) - -10. Let j(s) = -s - 4. Let o be j(-6). Suppose -d + 0 = o, g*k = -d + 1172. Is k composite?
False
Let n(q) = 47*q**2 + 5*q - 4. Let x be n(-13). Let b = x + -1921. Is b a composite number?
False
Let o be 6/15 + (-24)/(-15). Suppose 4*r - 4*c = 0, -3*r - 4*c + o = -12. Suppose -r*g = -4*v + 7208, -1811 = -2*v + v + 5*g. Is v a prime number?
True
Let x be (23/(-46))/((-1 + -2)/(-54990)). Let w = -6466 - x. Is w prime?
True
Suppose 0 = 3*o - 5*o + 8. Suppose 876 = -2*l + 3*d + d, 0 = 5*l + o*d + 2120. Let s = 691 + l. Is s composite?
False
Suppose -24796 = -i + 5*y + 19813, -5*i + 223133 = -3*y. Is i composite?
True
Let k(s) = -14 + 257*s - 423*s - 485*s. Let m = -628 - -625. Is k(m) composite?
True
Let h = 459 - 456. Suppose 2*d - h*v - 13481 = 0, -v - 10 = v. Is d composite?
False
Suppose 3522 = -5*r + 3*h, -4*r = -2*h + 1683 + 1135. Let z = 9682 + r. Is z composite?
True
Suppose 3*g = 3*v + 79105 + 42263, 0 = -2*g + 5*v + 80903. Is g prime?
True
Let q be (1 - -4)*222/(-15). Let c be 6/(-15) + -1 + q/(-10). Suppose -z = -c*z + 20, 4*z = -5*j + 11451. Is j a composite number?
False
Let h be (-255)/(-3)*(-209)/19. Let k = 8518 + h. Is k a composite number?
False
Suppose 5*j = 5*q - 2281248 - 446827, -q = -4*j - 545621. Is q composite?
True
Suppose 2*h + 4 = k, 3*h = 9*k - 7*k - 9. Suppose 4*j - 5810 = -k*j. Is j composite?
True
Suppose 0 = -0*i - i - 886. Suppose 0 = -5*j + 5*h - 330, -j + 3*j = -h - 141. Is j/(-46) - i/4 a composite number?
False
Let f(m) = -m**3 - 16*m**2 - 5*m - 1. Let z = -180 + 164. Is f(z) composite?
False
Let l = 3407 - 3414. Let c(x) be the first derivative of -3*x**4 + 3*x**3 + 5*x**2 + 6*x + 1. Is c(l) prime?
True
Is (33/(-330))/((-2)/44877740) composite?
False
Let x be 1 + (8571/(-11) - 20/(-110)). Let y = 193 - x. Is y a composite number?
False
Let n be 23673/27 - 5/(45/(-2)). Let b = n - 206. Is b a composite number?
True
Suppose -158*o = -155*o - 15. Suppose -3 - 12 = -o*h. Suppose -3*v + 5043 = -u, -4207 - 836 = -h*v - u. Is v composite?
True
Suppose -n - 47 + 96 = 0. Let d = n - -918. Is d composite?
False
Let z = 3 - 0. Suppose 0 = -5*n + u + 2280 + 2237, z*u - 3625 = -4*n. Is 1/2*5/(20/n) a prime number?
True
Let s(w) = 36*w + 66. Let d be s(5). Let z(x) = x**2 + 21*x - 9. Let l be z(-17). Let b = d + l. Is b a prime number?
False
Let i(k) = k**2 + 11*k + 12. Let v be i(-10). Let c(z) = -2*z**v + 5*z + 19 + 3*z**2 + 3*z**2 + 2*z**2. Is c(-7) a prime number?
False
Let s(y) = 165060*y**2 - 273*y - 274. Is s(-1) prime?
True
Let g = -39744 + 316243. Is g a prime number?
True
Let y(k) = -k + 27. Let x be y(23). Suppose 5*v - 17023 = x*q, -3*v - q + 3410 = -2*v. Is v composite?
False
Suppose -4*a + 3*d = 4*d - 13, -4*a = 2*d - 14. Suppose a*q - 2189 = 2*f, q - f = -2*f + 738. Is q a prime number?
True
Suppose 4*h + 10*w - 2681123 = 3*w, w - 670280 = -h. Is h a prime number?
True
Let l = 120861 + -56360. Suppose l + 48119 = 12*o. Is o a composite number?
True
Let n(x) = -69*x + 7. Let y be n(-5). Suppose -281 - 129 = 2*l + 4*k, 3*k - 606 = 3*l. Let u = y + l. Is u composite?
False
Suppose 3*b + 2 = -2*h - 3, 0 = 2*h + 2*b. Let j = 108 + 711. Suppose -3*i = -3*l - 654 - j, -h*i + 2455 = -l. Is i prime?
True
Suppose 3*d = -5*n + 31561, -9*n = 3*d - 7*n - 31555. Is d a composite number?
True
Suppose -6*v = -48543 + 13023. Suppose 0 = 2*g - a + 1509 - v, 0 = -g + 5*a + 2228. Is g prime?
True
Suppose 211*m - 333334 = -4*g + 209*m, 0 = g + 5*m - 83338. Is g composite?
True
Suppose 5*i - 18*m + 15*m = 963557, 5*i - 963569 = m. Is i composite?
True
Let u(v) = v**2 + 10*v - 12. Let o be u(-11). Let y be 5 + -1 + o + 4. Suppose -y*x = -0*x - 889. Is x prime?
True
Suppose u = -5*u + 25986. Let q = u + -1612. Is q a composite number?
False
Suppose -n - 4*g - 20 = n, n + 4*g = -20. Let f be (n - (-534 + 4))*6. Suppose 9 = -3*l, 5*m = 2*m + 5*l + f. Is m a composite number?
True
Let y = -6042 - -14542. Is y/15 + 8/(-12) a composite number?
True
Suppose 5*g - 11 = -3*f + 6*f, 4*g = 3*f + 7. Suppose -2*d + 12*w = 7*w - 5066, 10132 = g*d + w. Is d a prime number?
False
Let s = 27099 + -7346. Is 2/9 - (-5)/45*s prime?
False
Suppose 1423 - 8227 = -27*d. Suppose d*u + 36999 = 261*u. Is u composite?
False
Suppose 10 = -2*s, -5*s = -4*t - s + 14524. Suppose 9*w - 11*w = -t. Let j = 2664 - w. Is j a composite number?
True
Let p(i) = i**3 + 11*i**2 - i - 7. Let x be -8 + (-1)/((-3)/(-9)). Let m be p(x). Suppose -777 = -7*s + m*s. Is s composite?
True
Let y be 6/9 + 54883/3. Suppose -32*l - 8*l - l + 2337 = 0. Suppose -y = l*o - 62*o. Is o composite?
False
Let n(h) = 8*h**3 + 36*h**2 + 10*h + 23. Is n(15) a composite number?
True
Suppose -5*w = -4*t - 76, 0*t + 4*t + 28 =